*2 + 390*r + 9810. Determine z(-27).
9
Let k(p) = -73*p - 926. Determine k(-13).
23
Let s(l) = l**3 - 14*l**2 + 19*l + 46. Calculate s(12).
-14
Let r(s) = 311*s - 1542. Give r(5).
13
Let d(x) = 85*x - 1486. Determine d(18).
44
Let p(d) = 2*d**2 - 1358. Determine p(26).
-6
Let j(a) = -20*a - 1195. Calculate j(-40).
-395
Let o(m) = 2*m**3 + 77*m**2 + 248*m + 98. What is o(-35)?
-7
Let y(v) = -12*v - 12. Give y(-4).
36
Let l(q) = -41*q**2 - 741*q - 48. Determine l(-18).
6
Let r(c) = c - 16. Give r(11).
-5
Let g(p) = 2*p**2 - 143*p + 788. Calculate g(6).
2
Let h(j) = 1701*j - 5. Calculate h(0).
-5
Let p(l) = 996*l - 6984. Determine p(7).
-12
Let b(f) = -f**3 + 8*f**2 - 5*f + 19. Calculate b(6).
61
Let y(l) = -12313*l + 172378. Determine y(14).
-4
Let s(t) = -739*t - 1425. Determine s(-2).
53
Let l(m) = m**3 + 5*m**2 - 17*m - 48. Determine l(-7).
-27
Let h(t) = -34*t + 584. Calculate h(17).
6
Let y(c) = 373*c + 21976. Give y(-59).
-31
Let f(t) = t**3 - 27*t**2 + 175*t - 58. Calculate f(13).
-149
Let g(j) = 2*j**3 + 203*j**2 + 97*j - 407. What is g(-101)?
-3
Let w(d) = -3*d**3 - 140*d**2 + 194*d + 152. Determine w(-48).
56
Let h(c) = 2771*c + 2771. What is h(-1)?
0
Let d(g) = -1758*g + 19318. What is d(11)?
-20
Let u(o) = -338*o + 2018. Calculate u(6).
-10
Let s(g) = -13*g**2 - 62*g - 118. Determine s(-2).
-46
Let r(v) = 4*v**3 + 2*v**2 - 127*v + 18. What is r(-6)?
-12
Let x(j) = 4*j**3 - 11*j**2 + 22*j - 5. Calculate x(2).
27
Let u(b) = -12*b**3 - b**2 - 17*b - 32. Determine u(-2).
94
Let w(s) = 3*s**3 + 119*s**2 - 41*s - 38. Determine w(-40).
2
Let x(z) = 4*z**3 + 3*z**2 - 12*z - 21. Calculate x(-2).
-17
Let k(f) = -2*f**2 + 98*f - 1016. Give k(20).
144
Let b(p) = 7*p**3 + 3*p**2 - 3*p - 5. Calculate b(-2).
-43
Let g(a) = -a**3 + 5*a**2 + 24*a - 109. Determine g(6).
-1
Let v(y) = -2*y**3 - 4*y**2 - 104*y + 481. Give v(4).
-127
Let a(k) = 543*k - 4805. Calculate a(9).
82
Let p(n) = -168*n + 50721. What is p(302)?
-15
Let n(c) = 3*c**2 - 34*c - 35. Give n(11).
-46
Let m(d) = -119*d - 1179. Give m(-10).
11
Let k(m) = 2*m**3 - 10*m**2 + 16*m - 144. Give k(6).
24
Let n(h) = h**2 - 9*h - 212. Calculate n(-10).
-22
Let y(z) = -z**3 - 13*z**2 - 38*z - 48. Calculate y(-9).
-30
Let o(c) = -3*c + 4. What is o(43)?
-125
Let w(b) = 37*b - 886. Determine w(24).
2
Let q(v) = 71*v + 135. Give q(-2).
-7
Let j(b) = b**3 + b**2 - 1. Give j(-2).
-5
Let x(r) = -r**3 + 5*r**2 + 62*r + 53. What is x(11)?
9
Let f(h) = -12*h + 122. Give f(-18).
338
Let y(c) = -c**3 - 35*c**2 - 70*c - 288. Determine y(-33).
-156
Let a(l) = l**2 - 68*l - 709. Give a(-9).
-16
Let c(r) = -23*r + 413. What is c(17)?
22
Let r(v) = 42*v - 983. What is r(24)?
25
Let d(w) = -4*w**3 + 758*w**2 - 381*w + 561. Calculate d(189).
-6
Let f(w) = 9*w**3 - 2*w**2 + 3*w - 3. Give f(2).
67
Let l(r) = -r**3 - 14*r**2 + 32*r - 42. Calculate l(-16).
-42
Let r(u) = 2*u**3 - u**2 + 12*u + 67. What is r(0)?
67
Let v(d) = -5*d**3 - d**2 + d + 3. Determine v(-4).
303
Let r(u) = -31*u**2 - 60*u - 207. What is r(-4)?
-463
Let f(u) = u**2 - 70*u + 1116. Give f(42).
-60
Let b(l) = -8*l**2 + 185*l - 53. Give b(19).
574
Let w(f) = -f**3 - 28*f**2 - 80*f - 41. Give w(-25).
84
Let h(m) = -131*m - 650. Calculate h(-5).
5
Let a(v) = 640*v - 3209. What is a(5)?
-9
Let v(k) = 1191*k - 13101. Determine v(11).
0
Let q(s) = -315*s + 2850. Determine q(9).
15
Let c(q) = -q**3 - 9*q**2 - 289*q - 2590. Determine c(-9).
11
Let c(m) = -m**2 + 1571*m - 12508. Calculate c(8).
-4
Let f(a) = a**2 + 68*a - 1226. Calculate f(15).
19
Let t(f) = f**2 - 19*f + 61. Calculate t(3).
13
Let c(a) = -450*a - 2949. Determine c(-7).
201
Let z(y) = -34*y**3 - 6*y**2 - 2*y + 1. Give z(-2).
253
Let u(f) = 4*f**3 + 24*f**2 + 7. Determine u(-6).
7
Let r(z) = -z**2 + 500*z - 1976. Determine r(4).
8
Let d(s) = 27*s + 179. Determine d(-7).
-10
Let m(r) = -r**3 - 9*r**2 - 16*r + 14. Give m(-7).
28
Let n(f) = f**2 + 77*f + 310. Calculate n(-52).
-990
Let j(z) = 3*z**2 + 34*z - 2. Calculate j(2).
78
Let u(g) = -g**2 - 347*g + 3952. Determine u(-358).
14
Let y(b) = b**3 - 25*b**2 - 62*b + 214. Calculate y(27).
-2
Let v(o) = -o**3 + 37*o**2 + 48*o - 1779. What is v(37)?
-3
Let y(x) = x**3 - 22*x**2 + 30*x + 87. Give y(21).
276
Let a(h) = -21*h**2 + 26*h + 19. Give a(-1).
-28
Let p(v) = -38*v + 176. What is p(5)?
-14
Let v(w) = -171*w - 6677. Calculate v(-39).
-8
Let t(j) = 271*j - 9747. Calculate t(36).
9
Let h(n) = -57*n - 103. Determine h(-3).
68
Let y(t) = 8*t**2 + 747*t + 211. Determine y(-94).
681
Let h(n) = 593*n + 1188. Calculate h(-2).
2
Let i(j) = -425*j**3 + 3*j**2 + 15*j - 18. Determine i(1).
-425
Let z(q) = -10*q - 106. Calculate z(-9).
-16
Let c(r) = 3198*r + 12738. Give c(-4).
-54
Let g(l) = -l**3 + 24*l**2 - 44*l + 13. Determine g(22).
13
Let g(k) = -k**3 + 15*k**2 - 83*k + 569. Calculate g(12).
5
Let z(g) = -13*g + 1846. Determine z(139).
39
Let v(g) = -15*g**2 + 7*g + 5. Calculate v(-2).
-69
Let h(c) = -17*c**2 - 4*c + 12. Calculate h(3).
-153
Let l(x) = -94*x + 1123. Determine l(11).
89
Let c(d) = -7*d**3 + 208*d**2 + 73*d - 391. Give c(30).
-1
Let b(i) = -5*i**3 - 48*i**2 - 31*i - 46. Calculate b(-9).
-10
Let c(t) = 2316*t - 236214. Determine c(102).
18
Let z(r) = 11*r**2 + 98*r + 2. Give z(-8).
-78
Let v(j) = -2*j - 4. Calculate v(-1).
-2
Let x(t) = 83*t + 334. Determine x(-4).
2
Let t(q) = 29*q + 1084. Calculate t(-36).
40
Let i(d) = 5*d + 50. What is i(-6)?
20
Let y(d) = 11*d - 693. What is y(64)?
11
Let u(w) = 1006*w + 3032. What is u(-3)?
14
Let w(o) = 547*o - 6441. Give w(12).
123
Let a(t) = 2*t**2 - 130*t + 130. What is a(64)?
2
Let i(g) = g**2 + 58*g + 578. What is i(-45)?
-7
Let q(b) = -50*b + 335. Determine q(7).
-15
Let v(t) = 35*t**2 - 182*t - 207. Give v(-1).
10
Let p(j) = -j + 34. Calculate p(-23).
57
Let i(z) = 25*z + 1190. Determine i(-47).
15
Let v(u) = -u**2 + 22*u. What is v(10)?
120
Let u(a) = -2*a**2 - 29*a + 507. What is u(12)?
-129
Let u(p) = 6*p**2 + 5*p - 2. Determine u(2).
32
Let m(n) = -n**3 - 146*n**2 - 3*n - 440. Determine m(-146).
-2
Let l(y) = 76*y + 374. Determine l(-5).
-6
Let z(j) = 6*j**2 + 31*j - 7. What is z(6)?
395
Let l(d) = d**3 - 37*d**2 + 191*d - 15. Determine l(30).
-585
Let u(i) = -1541*i - 6155. Give u(-4).
9
Let j(x) = 2*x**2 - 41*x - 91. What is j(22)?
-25
Let q(k) = 182*k - 4517. What is q(25)?
33
Let v(p) = 23*p - 489. Give v(21).
-6
Let f(j) = -2*j**2 - 25*j + 237. Give f(-19).
-10
Let i(c) = 341*c**2 - 37*c + 36. What is i(1)?
340
Let l(h) = 230*h**2 - 9660*h + 4. Calculate l(42).
4
Let s(y) = 69*y**2 + 18974*y - 292. Give s(-275).
-17
Let m(r) = -39*r**2 + 258*r + 87. Determine m(7).
-18
Let w(j) = 191*j - 3648. Determine w(19).
-19
Let p(f) = 39*f**3 + 3588*f**2 - 3*f - 270. Give p(-92).
6
Let f(h) = 3*h**2 - 84*h - 427. Determine f(33).
68
Let p(y) = -2*y**2 - 45*y - 229. Determine p(-7).
-12
Let d(t) = -168*t + 841. Determine d(5).
1
Let w(u) = 239*u + 4556. Determine w(-19).
15
Let b(h) = -183*h - 12. Determine b(-1).
171
Let l(v) = 2*v**3 + 34*v**2 - 121*v - 18. Give l(-20).
2
Let b(l) = 22*l**2 + 41*l - 2. Determine b(-2).
4
Let k(w) = 2*w**3 + 19*w**2 + 31*w + 183. Give k(-9).
-15
Let s(t) = -2*t**3 - 13*t**2 + 90*t - 31. Calculate s(-11).
68
Let a(i) = -247*i + 2211. Give a(9).
-12
Let o(b) = b**3 + 6*b**2 - b - 32. Calculate o(-5).
-2
Let h(l) = 2*l**3 + 54*l**2 - 57*l + 7. Give h(-28).
35
Let a(w) = -33*w**2 + 47*w + 48. Determine a(-1).
-32
Let u(f) = -412*f**2 - 4122*f - 13. Give u(-10).
7
Let w(m) = m**3 - 3*m**2 + m - 21. Give w(4).
-1
Let p(h) = 347*h + 10657. What is p(-31)?
-100
Let g(s) = s**2 + 31*s - 70. Determine g(-32).
-38
Let y(p) = p**3 + 4*p**2 - 782*p - 3116. Calculate y(-4).
12
Let i(j) = 2*j**2 - 24*j + 12. What is i(13)?
38
Let m(r) = -r**3 + 27*r**2 - 136*r - 184. What is m(18)?
284
Let m(k) = 2631*k + 10458. Determine m(-4).
-66
Let x(z) = -16*z - 2524. Determine x(-160).
36
Let q(k) = 38*k + 1074. Calculate q(-28).
10
Let l(h) = -h**3 - 27*h**2 - 36*h + 13. Give l(-26).
273
Let f(z) = 8*z**2 + 34*z + 36. Determine f(-7).
190
Let g(p) = -15*p**2 - 455*p - 2874. Give g(-9).
6
Let u(d) = d**3 - 32*d**2 + 27*d - 5. What is u(31)?
-129
Let z(h) = -h**2 - 14*h + 294. Calculate z(-27).
-57
Let p(u) = -u**2 - 49*u - 337. Give p(-14).
153
Let u(s) = -412*s + 3400. Wha